 of 1842?
False
Is 109 a factor of 1987724?
True
Is 244608 a multiple of 14?
True
Is 22 a factor of 10912?
True
Is 89096 a multiple of 148?
True
Is 232 a factor of 59253?
False
Is 697405 a multiple of 12?
False
Is 247 a factor of 1402219?
True
Is 258 a factor of 119069?
False
Is 35 a factor of 69825?
True
Is 406274 a multiple of 30?
False
Is 7339797 a multiple of 60?
False
Is 61 a factor of 88267?
True
Is 207484 a multiple of 4?
True
Does 46 divide 720130?
True
Is 15592175 a multiple of 25?
True
Is 269100 a multiple of 414?
True
Is 2 a factor of 3142?
True
Does 6 divide 297840?
True
Is 198 a factor of 112068?
True
Does 14 divide 270291?
False
Is 378 a factor of 1676052?
True
Does 30 divide 276993?
False
Does 350 divide 147700?
True
Is 912117 a multiple of 75?
False
Is 11 a factor of 2935460?
True
Does 2543 divide 17264717?
False
Does 13 divide 363688?
True
Is 173 a factor of 56541?
False
Is 5025600 a multiple of 72?
True
Does 228 divide 262627?
False
Does 1061 divide 149601?
True
Is 36 a factor of 46235?
False
Is 49 a factor of 74020?
False
Does 5 divide 31335?
True
Does 249 divide 2231757?
False
Is 44773 a multiple of 7?
False
Is 56462 a multiple of 74?
True
Is 294 a factor of 36485?
False
Is 7914855 a multiple of 1097?
True
Is 69 a factor of 1094652?
False
Is 111 a factor of 524900?
False
Is 683 a factor of 4749162?
False
Is 1407658 a multiple of 129?
False
Is 111 a factor of 15631?
False
Is 5 a factor of 1506775?
True
Is 52 a factor of 22152?
True
Does 250 divide 5964500?
True
Is 40 a factor of 175080?
True
Is 10424730 a multiple of 285?
True
Is 3930076 a multiple of 13?
False
Is 481422 a multiple of 206?
True
Does 21 divide 525504?
True
Does 24 divide 5598097?
False
Does 117 divide 454194?
True
Is 106002 a multiple of 117?
True
Is 84 a factor of 740650?
False
Does 12 divide 3270240?
True
Is 312260 a multiple of 26?
True
Is 6072530 a multiple of 5?
True
Is 3913266 a multiple of 23?
True
Is 688879 a multiple of 10?
False
Does 4 divide 1638?
False
Does 22 divide 87740?
False
Is 4 a factor of 311222?
False
Is 11275 a multiple of 551?
False
Is 9 a factor of 141832?
False
Is 52 a factor of 62140?
True
Is 39 a factor of 929799?
True
Does 204 divide 253980?
True
Does 1775 divide 5683550?
True
Does 68 divide 11016?
True
Is 57 a factor of 386764?
False
Does 115 divide 4452896?
False
Is 4985952 a multiple of 1002?
True
Does 4 divide 236864?
True
Is 35 a factor of 795200?
True
Is 79 a factor of 5471813?
False
Does 997 divide 1133191?
False
Is 1960346 a multiple of 287?
False
Is 1962180 a multiple of 660?
True
Does 4 divide 69757?
False
Does 125 divide 881401?
False
Is 238483 a multiple of 36?
False
Is 16 a factor of 191409?
False
Is 4800047 a multiple of 431?
True
Is 8 a factor of 13428392?
True
Is 413149 a multiple of 267?
False
Is 1949343 a multiple of 627?
True
Is 17324 a multiple of 4?
True
Is 45 a factor of 6852105?
True
Is 348972 a multiple of 39?
True
Is 10 a factor of 54134?
False
Is 23 a factor of 337387?
True
Does 85 divide 3119925?
True
Is 886401 a multiple of 8?
False
Is 482 a factor of 492604?
True
Is 31 a factor of 12242055?
True
Is 253651 a multiple of 39?
False
Is 1706706 a multiple of 412?
False
Does 7 divide 98630?
True
Does 75 divide 86775?
True
Does 261 divide 264250?
False
Is 795914 a multiple of 7?
True
Does 372 divide 126222?
False
Is 3172343 a multiple of 580?
False
Is 228 a factor of 6253812?
True
Is 269516 a multiple of 13?
True
Is 24 a factor of 5424?
True
Is 18 a factor of 12726?
True
Does 35 divide 262991?
False
Is 446 a factor of 1282564?
False
Does 85 divide 6816077?
False
Is 6424 a multiple of 146?
True
Does 97 divide 5282855?
False
Is 110080 a multiple of 99?
False
Is 49 a factor of 365001?
True
Is 10368844 a multiple of 49?
False
Is 7 a factor of 2558241?
True
Is 17 a factor of 5558320?
True
Is 16852688 a multiple of 1103?
False
Is 897322 a multiple of 23?
True
Is 6 a factor of 616289?
False
Does 5 divide 1920749?
False
Does 190 divide 400140?
True
Does 42 divide 272692?
False
Is 59081 a multiple of 32?
False
Is 911808 a multiple of 3?
True
Is 632200 a multiple of 109?
True
Does 70 divide 28627263?
False
Is 45980 a multiple of 20?
True
Is 424287 a multiple of 51?
False
Is 100436 a multiple of 17?
True
Does 384 divide 5859456?
True
Is 423901 a multiple of 139?
False
Is 408968 a multiple of 28?
True
Is 13622 a multiple of 7?
True
Does 22 divide 305800?
True
Is 69 a factor of 127896?
False
Is 13 a factor of 105201?
False
Is 958090 a multiple of 326?
False
Does 23 divide 1256405?
False
Is 2694810 a multiple of 129?
True
Is 301104 a multiple of 656?
True
Is 6315806 a multiple of 98?
True
Does 45 divide 3743245?
False
Is 3 a factor of 135237?
True
Is 4465917 a multiple of 101?
True
Does 151 divide 103593?
False
Is 72096 a multiple of 32?
True
Is 368 a factor of 2010672?
False
Is 4873263 a multiple of 23?
True
Is 13545 a multiple of 4?
False
Is 331450 a multiple of 14?
True
Is 13358814 a multiple of 322?
True
Does 234 divide 90575?
False
Is 5735966 a multiple of 249?
False
Is 23 a factor of 4391344?
True
Is 276889 a multiple of 172?
False
Is 150 a factor of 2176351?
False
Is 677 a factor of 6549298?
True
Is 34 a factor of 5829904?
False
Does 428 divide 6532992?
True
Is 277988 a multiple of 30?
False
Does 13 divide 3047460?
True
Is 240639 a multiple of 15?
False
Does 313 divide 60810?
False
Does 420 divide 491400?
True
Is 480 a factor of 569763?
False
Does 17 divide 4028337?
True
Is 182400 a multiple of 8?
True
Is 673074 a multiple of 20?
False
Does 58 divide 41509?
False
Is 121876 a multiple of 5?
False
Is 11 a factor of 2684649?
True
Does 4 divide 160020?
True
Is 200 a factor of 96400?
True
Is 27 a factor of 181942?
False
Is 624980 a multiple of 59?
False
Is 9 a factor of 337323?
False
Is 19 a factor of 8284?
True
Does 823 divide 1231817?
False
Is 4292285 a multiple of 15?
False
Is 40314 a multiple of 9?
False
Is 1466368 a multiple of 24?
False
Does 3 divide 9721?
False
Does 119 divide 88067?
False
Does 221 divide 4616734?
False
Is 157692 a multiple of 11?
False
Is 13 a factor of 504207?
False
Is 20 a factor of 108880?
True
Is 1931100 a multiple of 41?
True
Is 15 a factor of 638820?
True
Is 1706420 a multiple of 386?
False
Is 30 a factor of 150990?
True
Is 260546 a multiple of 289?
False
Is 4595570 a multiple of 10?
True
Does 33 divide 1786719?
True
Is 1708995 a multiple of 452?
False
Is 230 a factor of 836510?
True
Is 7172 a multiple of 16?
False
Is 193 a factor of 11866598?
False
Is 318581 a multiple of 273?
False
Is 358 a factor of 274843?
False
Is 17 a factor of 104982?
False
Does 12 divide 230540?
False
Is 6730546 a multiple of 215?
False
Is 310 a factor of 211730?
True
Is 7 a factor of 12822?
False
Is 169540 a multiple of 2?
True
Is 138738 a multiple of 19?
True
Is 1483728 a multiple of 24?
True
Does 120 divide 4213351?
False
Does 390 divide 493685?
False
Is 2328097 a multiple of 20?
False
Is 273312 a multiple of 584?
True
Does 21 divide 439215?
True
Is 316 a factor of 10000?
False
Does 38 divide 2090?
True
Is 632856 a multiple of 8?
True
Is 463644 a multiple of 108?
True
Does 13 divide 71253?
True
Does 95 divide 1792745?
True
Does 233 divide 1869705?
False
Is 16624 a multiple of 16?
True
Is 326508 a multiple of 644?
True
Is 7097126 a multiple of 6?
False
Is 88 a factor of 53944?
True
Is 74200 a multiple of 530?
True
Is 15071373 a multiple of 1593?
True
Does 925 divide 615125?
True
Does 28 divide 328244?
True
Is 17 a factor of 367282?
False
Is 1118139 a multiple of 1023?
True
Is 53631 a multiple of 16?
False
Is 251166 a multiple of 82?
True
Does 8 divide 156636?
False
Is 32 a factor of 147060?
False
Is 155400 a multiple of 28?
True
Is 515 a factor of 145745?
True
Does 55 divide 2709332?
False
Is 482 a factor of 3945652?
True
Is 25 a factor of 271187?
False
Is 5 a factor of 13538532?
False
Does 331 divide 824190?
True
Is 4426381 a multiple of 15?
False
Does 20 divide 1538720?
True
Is 1008 a multiple of 9?
True
Does 685 divide 3159534?
False
Is 348166 a multiple of 224?
False
Is 58 a factor of 790?
False
Does 154 divide 2373448?
True
Is 3 a factor of 15455?
False
Is 548428 a multiple of 712?
False
Is 1907388 a multiple of 84?
True
Is 1150 a factor of 140300?
True
Does 401 divide 16914819?
False
Is 194 a factor of 3